{"id":168,"date":"2020-03-08T11:55:40","date_gmt":"2020-03-08T10:55:40","guid":{"rendered":"http:\/\/www.drustvo-rast.com\/sepet-duse\/?page_id=168"},"modified":"2024-03-02T13:40:12","modified_gmt":"2024-03-02T12:40:12","slug":"delavnica-svetlobna-zascita","status":"publish","type":"page","link":"http:\/\/www.drustvo-rast.com\/sepet-duse\/delavnica-svetlobna-zascita\/","title":{"rendered":"SVETLOBNA ZA\u0160\u010cITA"},"content":{"rendered":"<p><img decoding=\"async\" loading=\"lazy\" class=\"size-medium wp-image-210 aligncenter\" src=\"http:\/\/www.drustvo-rast.com\/sepet-duse\/wp-content\/uploads\/2020\/03\/MERKABA-3-300x292.gif\" alt=\"\" width=\"300\" height=\"292\"><\/p>\n<div class=\"x11i5rnm xat24cr x1mh8g0r x1vvkbs xtlvy1s\">\n<p>&nbsp; &nbsp; &nbsp; &nbsp; &nbsp; &nbsp; &nbsp; &nbsp; &nbsp; &nbsp; &nbsp; &nbsp; &nbsp; &nbsp; &nbsp; &nbsp; &nbsp; &nbsp; &nbsp; &nbsp; &nbsp; &nbsp; &nbsp; &nbsp; &nbsp; &nbsp; &nbsp; &nbsp; &nbsp; &nbsp; &nbsp; &nbsp; &nbsp; &nbsp; &nbsp; &nbsp; &nbsp; &nbsp; &nbsp; &nbsp; &nbsp; &nbsp; &nbsp; &nbsp; &nbsp; &nbsp; &nbsp; &nbsp; &nbsp; &nbsp; &nbsp; &nbsp; &nbsp; &nbsp; &nbsp; &nbsp; &nbsp; &nbsp; &nbsp; &nbsp; &nbsp; &nbsp; &nbsp; &nbsp; &nbsp; &nbsp; &nbsp; &nbsp; &nbsp; &nbsp; &nbsp; &nbsp; &nbsp; &nbsp; &nbsp; &nbsp; &nbsp; &nbsp; &nbsp; &nbsp; &nbsp; &nbsp; &nbsp; &nbsp; &nbsp; &nbsp; &nbsp; &nbsp; &nbsp; &nbsp; &nbsp; &nbsp; &nbsp; &nbsp; &nbsp; &nbsp; &nbsp; &nbsp; &nbsp; &nbsp; &nbsp; &nbsp;SVETLOBNA ZA\u0160\u010cITA<\/p>\n<\/div>\n<div class=\"x11i5rnm xat24cr x1mh8g0r x1vvkbs xtlvy1s\">Delavnica \u00bbSvetlobna za\u0161\u010dita\u00ab je energijsko&nbsp; izredno mo\u010dna ter isto\u010dasno pou\u010dna delavnica, na kateri&nbsp; bomo spoznali in osvojili prakti\u010dna\/izkustvena znanja, ki bodo<\/div>\n<div class=\"x11i5rnm xat24cr x1mh8g0r x1vvkbs xtlvy1s\">aktivirala na\u0161o svetlobno mo\u010d in nas postavila nazaj v lasten steber mo\u010di in v izvorno bo\u017eansko povezavo s<\/div>\n<div class=\"x11i5rnm xat24cr x1mh8g0r x1vvkbs xtlvy1s\">stvarstvom in na\u0161im lastnim bitjem.<\/div>\n<div class=\"x11i5rnm xat24cr x1mh8g0r x1vvkbs xtlvy1s\">Lastna mo\u010d je tisto, kar nam je bilo skozi razli\u010dne manipulacije, skozi mnoga \u017eivljenja in skozi mnoga tiso\u010dletja<\/div>\n<div class=\"x11i5rnm xat24cr x1mh8g0r x1vvkbs xtlvy1s\">namerno odvzeta. Izguba\/predaja lastne mo\u010di nas je do te mere oslabila in odrezala od nas samih, na\u0161ega izvora,<\/div>\n<div class=\"x11i5rnm xat24cr x1mh8g0r x1vvkbs xtlvy1s\">na\u0161ih prednikov, da ve\u010d ne vemo kdo smo, kam spadamo, in kaj je na\u0161a prava narava. Namesto da \u017eivimo polno in<\/div>\n<div class=\"x11i5rnm xat24cr x1mh8g0r x1vvkbs xtlvy1s\">izpolnjeno \u017eivljenje, se po\u010dutimo izgubljene v tem svetu in tavamo skozi \u017eivljenje brez smisla, brez radosti, miru v<\/div>\n<div class=\"x11i5rnm xat24cr x1mh8g0r x1vvkbs xtlvy1s\">srcu in veselja v du\u0161i.<br \/>\nTako se nam dogaja, da namesto, da bi u\u017eivali v \u017eivljenju-do\u017eivljamo in vidimo svet kot sovra\u017een in nevaren kraj, cel \u010das v kr\u010du in na pre\u017ei pred nevarnostjo, ki nam preti od zunaj, z milijon notranjih in zunanjih obrambnih mehanizmov, ki smo jih razvili v strahu pred sovra\u017eniki vseh vrst.<\/div>\n<div class=\"x11i5rnm xat24cr x1mh8g0r x1vvkbs xtlvy1s\">S \u010dlovekom, ki ni v lastni mo\u010di se namre\u010d da z lahkoto manipulirati, ga je lahko programirati in zapeljati v stanje<\/div>\n<div class=\"x11i5rnm xat24cr x1mh8g0r x1vvkbs xtlvy1s\">energij ni\u017eje kvalitete kot so strah, bole\u010dina, dvom v lastno mo\u010d, potenciale, kreativnost, nezaupanje vase ,<\/div>\n<div class=\"x11i5rnm xat24cr x1mh8g0r x1vvkbs xtlvy1s\">odvisnosti, ob\u010dutek pomanjkanja, itn.<\/div>\n<div class=\"x11i5rnm xat24cr x1mh8g0r x1vvkbs xtlvy1s\">KOMU JE NAMENJENA DELAVNICA SVETLOBNE ZA\u0160\u010cITE?<\/div>\n<div class=\"x11i5rnm xat24cr x1mh8g0r x1vvkbs xtlvy1s\">Zavedajte se, da smo mi sami- sebi najbolj\u0161a in najmo\u010dnej\u0161a svetlobna za\u0161\u010dita!<\/div>\n<div class=\"x11i5rnm xat24cr x1mh8g0r x1vvkbs xtlvy1s\">Delavnica je namenjena vsem, ki se \u017eelijo opolnomo\u010diti in na ta na\u010din z lahkoto obvladovati in razre\u0161evati<\/div>\n<div class=\"x11i5rnm xat24cr x1mh8g0r x1vvkbs xtlvy1s\">raznorazne \u017eivljenjske situacije in izzive; kakor tudi vsem tistim, ki se ukvarjajo z energijskim delom in \u017eelijo sebi in<\/div>\n<div class=\"x11i5rnm xat24cr x1mh8g0r x1vvkbs xtlvy1s\">strankam zagotoviti varen in energijsko optimalno podprt prostor.<\/div>\n<div class=\"x11i5rnm xat24cr x1mh8g0r x1vvkbs xtlvy1s\">\u010cESA SE BOMO NAU\u010cILI NA DELAVNICI SVETLOBNE ZA\u0160\u010cITE?<\/div>\n<div class=\"x11i5rnm xat24cr x1mh8g0r x1vvkbs xtlvy1s\">\uf0d8 Na delavnici se bomo povezali s svojimi \u017eivalmi mo\u010di, se nau\u010dili postaviti medicinsko kolo in odpreti sveti<\/div>\n<div class=\"x11i5rnm xat24cr x1mh8g0r x1vvkbs xtlvy1s\">prostor.<\/div>\n<div class=\"x11i5rnm xat24cr x1mh8g0r x1vvkbs xtlvy1s\">\uf0d8 Skozi meditacijo diha enosti vzpostaviti povezavo in dotok energije Univerzuma in matere Zemlje v na\u0161e<\/div>\n<div class=\"x11i5rnm xat24cr x1mh8g0r x1vvkbs xtlvy1s\">telo, da bomo uravnovesili in balansirali na\u0161o kozmi\u010dno in zemeljsko naravo ter mo\u0161ki\/\u017eenski princip znotraj<\/div>\n<div class=\"x11i5rnm xat24cr x1mh8g0r x1vvkbs xtlvy1s\">nas samih.<\/div>\n<div class=\"x11i5rnm xat24cr x1mh8g0r x1vvkbs xtlvy1s\">\uf0d8 Se pou\u010dili o Mer Ka Bi in tudi aktivirali Mer-Ka-Bo, ki je na\u0161a najmo\u010dnej\u0161a za\u0161\u010dita.<\/div>\n<div class=\"x11i5rnm xat24cr x1mh8g0r x1vvkbs xtlvy1s\">\uf0d8 Se podali na potovanje v duhovni svet, kjer se bomo spoznali z izvornim na\u010drtom na\u0161e du\u0161e\/prejeli<\/div>\n<div class=\"x11i5rnm xat24cr x1mh8g0r x1vvkbs xtlvy1s\">pomembna sporo\u010dila za sedanje utele\u0161enje in se prepustili zdravilni energiji&#8230;..<\/div>\n<div class=\"x11i5rnm xat24cr x1mh8g0r x1vvkbs xtlvy1s\">\uf0d8 Nau\u010dili energijsko o\u010distiti prostore, se pou\u010dili kaj so to portali in kako varno odpirati in zapirati portale skozi katere lahko dostopamo do drugih<\/div>\n<div class=\"x11i5rnm xat24cr x1mh8g0r x1vvkbs xtlvy1s\">ravni obstoja.<\/div>\n<div class=\"x11i5rnm xat24cr x1mh8g0r x1vvkbs xtlvy1s\">\uf0d8 Se nau\u010dili o\u010distiti in na novo energetsko napolniti predmete.<\/div>\n<div class=\"x11i5rnm xat24cr x1mh8g0r x1vvkbs xtlvy1s\">\uf0d8 Se podali v razre\u0161evanje \u0161kodljivih zaobljub, zavez, pogodb, ki smo jih nehote ali hote kdaj koli v celotni<\/div>\n<div class=\"x11i5rnm xat24cr x1mh8g0r x1vvkbs xtlvy1s\">zgodovini lastnega obstoja dali\/sklenili.<\/div>\n<div class=\"x11i5rnm xat24cr x1mh8g0r x1vvkbs xtlvy1s\"><\/div>\n<div class=\"x11i5rnm xat24cr x1mh8g0r x1vvkbs xtlvy1s\"><\/div>\n<div class=\"x11i5rnm xat24cr x1mh8g0r x1vvkbs xtlvy1s\">Delavnico vodiva Klaudija Dolen\u010di\u0107 in Ksenija Skok.<\/div>\n<div class=\"x11i5rnm xat24cr x1mh8g0r x1vvkbs xtlvy1s\">Delavnica traja od 9. do pribli\u017eno 19. ure -odvisno od dinamike skupine. Prijava na delavnico je obvezna -prijave sprejemam do zapolnitve mest. Svoje mesto na delavnici si zagotovite s pla\u010dilom akontacije 100 eur ob prijavi na delavnico.<\/div>\n<div class=\"x11i5rnm xat24cr x1mh8g0r x1vvkbs xtlvy1s\">Izmenjava za predano znanje je 250 eur.<\/div>\n<div class=\"x11i5rnm xat24cr x1mh8g0r x1vvkbs xtlvy1s\">Lokacija: Lendava<\/div>\n<div class=\"x11i5rnm xat24cr x1mh8g0r x1vvkbs xtlvy1s\">Prijava na mail: klaudijado@gmail.com ali 041\/545-792 -Klaudija<\/div>\n<div class=\"x11i5rnm xat24cr x1mh8g0r x1vvkbs xtlvy1s\">Podrobnej\u0161e informacije o pripomo\u010dkih ki jih potrebujete na delavnici prejmete ob prijavi.<\/div>\n<p style=\"text-align: left;\">Blagoslov svetlobe,<br \/>\nKlaudija<\/p>\n","protected":false},"excerpt":{"rendered":"<p>&nbsp; &nbsp; &nbsp; &nbsp; &nbsp; &nbsp; &nbsp; &nbsp; &nbsp; &nbsp; &nbsp; &nbsp; &nbsp; &nbsp; &nbsp; &nbsp; &nbsp; &nbsp; &nbsp; &nbsp; &nbsp; &nbsp; &nbsp; &nbsp; &nbsp; &nbsp; &nbsp; &nbsp; &nbsp; &nbsp; &nbsp; &nbsp; &nbsp; &nbsp; &nbsp; &nbsp; &nbsp; &nbsp; &nbsp; &nbsp; &nbsp; &nbsp; &nbsp; &nbsp; &nbsp; &nbsp; &nbsp; &nbsp; &nbsp; &nbsp; &nbsp; &nbsp; &nbsp; &nbsp; &nbsp; <a class=\"read-more\" href=\"http:\/\/www.drustvo-rast.com\/sepet-duse\/delavnica-svetlobna-zascita\/\">Read More<\/a><\/p>\n","protected":false},"author":1,"featured_media":0,"parent":0,"menu_order":0,"comment_status":"closed","ping_status":"closed","template":"","meta":[],"_links":{"self":[{"href":"http:\/\/www.drustvo-rast.com\/sepet-duse\/wp-json\/wp\/v2\/pages\/168"}],"collection":[{"href":"http:\/\/www.drustvo-rast.com\/sepet-duse\/wp-json\/wp\/v2\/pages"}],"about":[{"href":"http:\/\/www.drustvo-rast.com\/sepet-duse\/wp-json\/wp\/v2\/types\/page"}],"author":[{"embeddable":true,"href":"http:\/\/www.drustvo-rast.com\/sepet-duse\/wp-json\/wp\/v2\/users\/1"}],"replies":[{"embeddable":true,"href":"http:\/\/www.drustvo-rast.com\/sepet-duse\/wp-json\/wp\/v2\/comments?post=168"}],"version-history":[{"count":8,"href":"http:\/\/www.drustvo-rast.com\/sepet-duse\/wp-json\/wp\/v2\/pages\/168\/revisions"}],"predecessor-version":[{"id":232,"href":"http:\/\/www.drustvo-rast.com\/sepet-duse\/wp-json\/wp\/v2\/pages\/168\/revisions\/232"}],"wp:attachment":[{"href":"http:\/\/www.drustvo-rast.com\/sepet-duse\/wp-json\/wp\/v2\/media?parent=168"}],"curies":[{"name":"wp","href":"https:\/\/api.w.org\/{rel}","templated":true}]}}