{"id":13,"date":"2017-08-13T09:00:38","date_gmt":"2017-08-13T08:00:38","guid":{"rendered":"http:\/\/www.drustvo-rast.com\/sepet-duse\/?page_id=13"},"modified":"2024-01-10T13:19:55","modified_gmt":"2024-01-10T12:19:55","slug":"angelsko-svetovanje","status":"publish","type":"page","link":"http:\/\/www.drustvo-rast.com\/sepet-duse\/angelsko-svetovanje\/","title":{"rendered":"ANGELSKI READING"},"content":{"rendered":"<p><img decoding=\"async\" loading=\"lazy\" class=\"size-medium wp-image-30 aligncenter\" src=\"http:\/\/www.drustvo-rast.com\/sepet-duse\/wp-content\/uploads\/2017\/08\/angel-2095993_640-300x300.jpg\" alt=\"\" width=\"300\" height=\"300\" srcset=\"http:\/\/www.drustvo-rast.com\/sepet-duse\/wp-content\/uploads\/2017\/08\/angel-2095993_640-300x300.jpg 300w, http:\/\/www.drustvo-rast.com\/sepet-duse\/wp-content\/uploads\/2017\/08\/angel-2095993_640-150x150.jpg 150w, http:\/\/www.drustvo-rast.com\/sepet-duse\/wp-content\/uploads\/2017\/08\/angel-2095993_640.jpg 637w\" sizes=\"(max-width: 300px) 100vw, 300px\" \/><\/p>\n<p>Angelsko svetovanje, reading oz.branje \u00a0so sporo\u010dila iz duhovnega sveta specifi\u010dnih \u2013angelskih energij oziroma bitij. Sporo\u010dila so kanalizirana, pri tem pa si angelski svetovalec lahko pomaga z angelskimi kartami ali\/in angelskimi runami. To pomeni, da so karte in rune le pripomo\u010dek mediju pri prenosu sporo\u010dil iz duhovnega v snovni svet.<\/p>\n<p>Angelsko svetovanje ni vede\u017eevanje in napovedovanje prihodnosti, \u00a0temve\u010d \u00a0pomo\u010d \u010dloveku, ko obti\u010di v \u017eivljenju, ali se znajde na razpotju. Je vpogled v blokade \u00a0in kaj je tisto kar nekoga ovira na njegovi \u017eivljenjski poti, in pri uresni\u010devanju \u00a0\u017eivljenjskega namena. Na angelskem readingu medij \u00a0prenese osebi \u00a0\u00a0sporo\u010dila angelskih vodnikov, ki so lahko v veliko oporo in vzpodbudo \u00a0za naprej v \u017eivljenju, saj so sporo\u010dila jasna in nedvoumna, tako da takoj vemo kaj je tisto kar je potrebno spremeniti \u00a0in na katerem podro\u010dju v na\u0161em \u017eivljenju je treba zasukati rokave in pri\u010deti z delom in potrebno spremembo.<\/p>\n<p>Medij nima \u010darobne pal\u010dke s katero bi zamahnil in uredil zadeve namesto vas, odpihnil vse va\u0161e te\u017eave &#8211; ima pa sposobnost komunikacije z duhovnimi bitji in se lahko pove\u017ee z va\u0161imi angeli varuhi, angeli vodniki, duhovnimi pomo\u010dniki, ki vas spremljajo od rojstva pa do smrti in vam prenese sporo\u010dila pomembna za vas v danem trenutku. Samo od vas pa je odvisno kaj boste s takim sporo\u010dilo naredili.<\/p>\n<p>Sporo\u010dila na\u0161ih angelov in duhovnih vodnikov so vedno sporo\u010dila ljubezni in v na\u0161e najvi\u0161je dobro, saj nas iz duhovnega sveta spremljajo, vodijo, bodrijo in nam pomagajo na za nas, v\u010dasih najbolj neobi\u010dajne na\u010dine. So na\u0161i najzvestej\u0161i spremljevalci in na\u0161i najbolj gore\u010di navija\u010di, ki nam ne \u017eelijo drugega kot sre\u010do, \u00a0radost in uspeh, ter \u00a0da v celoti izpolnimo svoje zemeljsko poslanstvo.<\/p>\n<p>Na angelski reading lahko pridete po \u00a0predhodnem dogovoru osebno, ali pa ga naredim preko interneta.<\/p>\n<p>Prispevek za prvi reading\/vpogled: 65,00 eur<\/p>\n<p>&nbsp;<\/p>\n","protected":false},"excerpt":{"rendered":"<p>Angelsko svetovanje, reading oz.branje \u00a0so sporo\u010dila iz duhovnega sveta specifi\u010dnih \u2013angelskih energij oziroma bitij. Sporo\u010dila so kanalizirana, pri tem pa si angelski svetovalec lahko pomaga z angelskimi kartami ali\/in angelskimi runami. To pomeni, da so karte in rune le pripomo\u010dek mediju pri prenosu sporo\u010dil iz duhovnega v snovni svet. Angelsko svetovanje ni vede\u017eevanje in napovedovanje <a class=\"read-more\" href=\"http:\/\/www.drustvo-rast.com\/sepet-duse\/angelsko-svetovanje\/\">Read More<\/a><\/p>\n","protected":false},"author":1,"featured_media":0,"parent":0,"menu_order":0,"comment_status":"closed","ping_status":"closed","template":"","meta":[],"_links":{"self":[{"href":"http:\/\/www.drustvo-rast.com\/sepet-duse\/wp-json\/wp\/v2\/pages\/13"}],"collection":[{"href":"http:\/\/www.drustvo-rast.com\/sepet-duse\/wp-json\/wp\/v2\/pages"}],"about":[{"href":"http:\/\/www.drustvo-rast.com\/sepet-duse\/wp-json\/wp\/v2\/types\/page"}],"author":[{"embeddable":true,"href":"http:\/\/www.drustvo-rast.com\/sepet-duse\/wp-json\/wp\/v2\/users\/1"}],"replies":[{"embeddable":true,"href":"http:\/\/www.drustvo-rast.com\/sepet-duse\/wp-json\/wp\/v2\/comments?post=13"}],"version-history":[{"count":10,"href":"http:\/\/www.drustvo-rast.com\/sepet-duse\/wp-json\/wp\/v2\/pages\/13\/revisions"}],"predecessor-version":[{"id":208,"href":"http:\/\/www.drustvo-rast.com\/sepet-duse\/wp-json\/wp\/v2\/pages\/13\/revisions\/208"}],"wp:attachment":[{"href":"http:\/\/www.drustvo-rast.com\/sepet-duse\/wp-json\/wp\/v2\/media?parent=13"}],"curies":[{"name":"wp","href":"https:\/\/api.w.org\/{rel}","templated":true}]}}